{"id":146,"date":"2025-04-21T16:08:09","date_gmt":"2025-04-21T14:08:09","guid":{"rendered":"http:\/\/interno.lsluz.com:8012\/cofcantabria\/?page_id=146"},"modified":"2026-02-13T13:24:45","modified_gmt":"2026-02-13T12:24:45","slug":"presentacion","status":"publish","type":"page","link":"http:\/\/interno.lsluz.com:8012\/cofcantabria\/index.php\/presentacion\/","title":{"rendered":"El colegio"},"content":{"rendered":"<!DOCTYPE html>\n<html lang=\"es\">\n<head>\n  <meta charset=\"UTF-8\">\n  <meta name=\"viewport\" content=\"width=device-width, initial-scale=1.0\">\n  <title>El Colegio - Colegio Oficial de Farmac\u00e9uticos de Cantabria<\/title>\n  <style>\n    \/* Estilos generales *\/\n    body {\n      font-family: Arial, sans-serif;\n      margin: 0;\n      padding: 0;\n      color: #333;\n      line-height: 1.6;\n    }\n    \n    .container {\n      max-width: 1200px;\n      margin: 0 auto;\n      \/*padding: 20px;*\/\n    }\n    \n    \/* Estilos del t\u00edtulo y separador *\/\n    .titulo {\n      font-size: 28px;\n      color: #5d1800;\n      margin-bottom: 10px;\n      font-weight: bold;\n    }\n    \n    .separador {\n      position: relative;\n      height: 1px;\n      background-color: #ddd;\n      margin-bottom: 30px;\n    }\n    \n    .diamond {\n      width: 10px;\n      height: 10px;\n      background-color: #8dc63f;\n      transform: rotate(45deg);\n      position: absolute;\n      top: -5px;\n      left: 25px;\n    }\n    \n    \/* Estilos del contenido principal *\/\n    .contenido {\n      display: flex;\n      flex-wrap: wrap;\n      align-items: flex-start;\n      gap: 30px;\n    }\n    \n    .texto {\n      flex: 1;\n      min-width: 300px;\n    }\n    \n    .imagen {\n      flex: 0 0 350px;\n      order: 2; \/* Asegura que la imagen est\u00e9 a la derecha *\/\n    }\n    \n    .imagen img {\n      max-width: 100%;\n      height: auto;\n      border-radius: 3px;\n      display: block;\n    }\n    \n    p {\n      margin-bottom: 15px;\n    }\n    \n    \/* Estilos para enlaces *\/\n    a {\n      color: #8dc63f;\n      text-decoration: none;\n    }\n    \n    a:hover {\n      text-decoration: underline;\n    }\n    \n    \/* Estilo para la bienvenida *\/\n    .bienvenida {\n      font-weight: bold;\n    }\n    \n    .firma {\n      font-weight: bold;\n      margin-top: 20px;\n    }\n    \n    \/* Responsive para m\u00f3viles *\/\n    @media (max-width: 768px) {\n      .contenido {\n        flex-direction: column;\n      }\n      \n      .texto {\n        width: 100%;\n      }\n      \n      .imagen {\n        width: 100%;\n        margin: 0 auto;\n        order: 3; \/* En m\u00f3viles, la imagen va despu\u00e9s del texto *\/\n      }\n    }\n  <\/style>\n<\/head>\n<body>\n  <div class=\"container\" id=\"el-colegio\">\n    <h22 style=\"margin-bottom: 22px !important;\">El Colegio<\/h22>\n    \n    \n    \n    <div class=\"contenido\">\n      <div class=\"texto\">\n        <p>El Colegio Oficial de Farmac\u00e9uticos de Cantabria agrupa a los farmac\u00e9uticos que ejercen su profesi\u00f3n en esta Comunidad Aut\u00f3noma y desarrollan su trabajo en diferentes \u00e1reas, tales como Oficina de Farmacia, Laboratorio, Hospital, Docencia e Investigaci\u00f3n, Industria, Veterinaria, Distribuci\u00f3n Farmac\u00e9utica, Administraci\u00f3n, Atenci\u00f3n Primaria y Alimentaci\u00f3n.<\/p>\n        \n        <p>Desde esta p\u00e1gina se pretende dar un servicio a estos profesionales y, tambi\u00e9n, al resto de la poblaci\u00f3n que, como bien sabemos, mantienen un estrecho contacto con el farmac\u00e9utico a trav\u00e9s de las Oficinas de Farmacia.<\/p>\n        \n        <p>A los compa\u00f1eros farmac\u00e9uticos se les ofrece, en su parte privada, informaci\u00f3n profesional totalmente actualizada y la posibilidad de establecer una \u00e1gil comunicaci\u00f3n y un estrecho acercamiento a su Colegio.<\/p>\n        \n        <p>Al resto de internautas, se les refuerza, el consejo y la informaci\u00f3n que todas las Oficinas de Farmacia de esta regi\u00f3n le ofrecen habitualmente. Tambi\u00e9n encontrar\u00e1n consejos sobre uso racional de medicamentos o campa\u00f1as sanitarias informativas que peri\u00f3dicamente se desarrollan en las farmacias de Cantabria. Sin olvidarnos de las oficinas de farmacia que diariamente tienen servicio de guardia en las diferentes poblaciones.<\/p>\n        \n        <p>Es mi deseo que, tanto los compa\u00f1eros farmac\u00e9uticos como el resto de visitantes, encuentren en esta p\u00e1gina del Colegio una puerta abierta a la informaci\u00f3n.<\/p>\n        \n        <p>A todos, en nombre propio, en el de la <a href=\"http:\/\/interno.lsluz.com:8012\/cofcantabria\/index.php\/junta-de-gobierno\/#junta-gobierno\" id=\"junta-link\">Junta de Gobierno<\/a> y en el de los farmac\u00e9uticos que componen este Colegio, doy la <span class=\"bienvenida\">BIENVENIDA<\/span>.<\/p>\n        \n        <p class=\"firma\">Mar\u00eda Garc\u00eda del Hierro - PRESIDENTA<\/p>\n      <\/div>\n      \n      <div class=\"imagen\">\n        <img decoding=\"async\" src=\"http:\/\/interno.lsluz.com:8012\/cofcantabria\/wp-content\/uploads\/2025\/04\/Maria-Garcia-del-Hierro-reducido-tamano8.jpg\" alt=\"Mar\u00eda Garc\u00eda del Hierro - Presidenta del Colegio Oficial de Farmac\u00e9uticos de Cantabria\">\n      <\/div>\n    <\/div>\n  <\/div>\n<\/body>\n<\/html>\n","protected":false},"excerpt":{"rendered":"","protected":false},"author":1,"featured_media":0,"parent":0,"menu_order":0,"comment_status":"closed","ping_status":"closed","template":"page-clean-cofc.php","meta":{"_price":"","_stock":"","_tribe_ticket_header":"","_tribe_default_ticket_provider":"","_tribe_ticket_capacity":"0","_ticket_start_date":"","_ticket_end_date":"","_tribe_ticket_show_description":"","_tribe_ticket_show_not_going":false,"_tribe_ticket_use_global_stock":"","_tribe_ticket_global_stock_level":"","_global_stock_mode":"","_global_stock_cap":"","_tribe_rsvp_for_event":"","_tribe_ticket_going_count":"","_tribe_ticket_not_going_count":"","_tribe_tickets_list":"[]","_tribe_ticket_has_attendee_info_fields":false,"footnotes":"","_tec_slr_enabled":"","_tec_slr_layout":""},"class_list":["post-146","page","type-page","status-publish","hentry"],"ticketed":false,"_links":{"self":[{"href":"http:\/\/interno.lsluz.com:8012\/cofcantabria\/index.php\/wp-json\/wp\/v2\/pages\/146","targetHints":{"allow":["GET"]}}],"collection":[{"href":"http:\/\/interno.lsluz.com:8012\/cofcantabria\/index.php\/wp-json\/wp\/v2\/pages"}],"about":[{"href":"http:\/\/interno.lsluz.com:8012\/cofcantabria\/index.php\/wp-json\/wp\/v2\/types\/page"}],"author":[{"embeddable":true,"href":"http:\/\/interno.lsluz.com:8012\/cofcantabria\/index.php\/wp-json\/wp\/v2\/users\/1"}],"replies":[{"embeddable":true,"href":"http:\/\/interno.lsluz.com:8012\/cofcantabria\/index.php\/wp-json\/wp\/v2\/comments?post=146"}],"version-history":[{"count":5,"href":"http:\/\/interno.lsluz.com:8012\/cofcantabria\/index.php\/wp-json\/wp\/v2\/pages\/146\/revisions"}],"predecessor-version":[{"id":166,"href":"http:\/\/interno.lsluz.com:8012\/cofcantabria\/index.php\/wp-json\/wp\/v2\/pages\/146\/revisions\/166"}],"wp:attachment":[{"href":"http:\/\/interno.lsluz.com:8012\/cofcantabria\/index.php\/wp-json\/wp\/v2\/media?parent=146"}],"curies":[{"name":"wp","href":"https:\/\/api.w.org\/{rel}","templated":true}]}}